me factors of i?
17
What are the prime factors of (-6)/(-27) + 3504/27?
2, 5, 13
Let y be 4 + 4/(-2) + 13. Suppose 0 = 3*i + y - 51. What are the prime factors of i?
2, 3
Let h be 4/(-22) - (-2)/11. Suppose -r + 2 + 58 = h. Suppose -v - 4*v = -r. What are the prime factors of v?
2, 3
Suppose -5*y + 29 = 74. List the prime factors of (-142)/y + 4/18.
2
Let r(l) be the third derivative of -l**4/4 - 13*l**3/6 + 7*l**2. List the prime factors of r(-4).
11
Suppose -2*c + 2 = -4*c. Let w(f) = f**3 + f**2 + f. Let b be w(c). What are the prime factors of -2 - ((-3)/b - 13)?
2
Let k = 76 - 5. What are the prime factors of k?
71
Let f be (-21)/35 + (-84)/10. Let j(w) = -w**3 - 9*w**2 - 4*w + 13. List the prime factors of j(f).
7
List the prime factors of 15*(2 + 20/(-12)).
5
Let z(a) = -a**3 - 12*a**2 - 10*a + 14. Let v be z(-11). Suppose 2*s = -v*i + 20, 5*i - 32 = i - 4*s. Let l = i + 16. List the prime factors of l.
2, 5
Suppose 3*n = 6*n - 36. Let x = 26 - n. List the prime factors of x.
2, 7
Let v be (-2)/(-4)*4*-1. Let r = v + 5. List the prime factors of r.
3
Let l(y) = y + 7. Let m be l(5). Let j be (990/m)/((-2)/4). What are the prime factors of j/(-3)*2/5?
2, 11
Suppose 25 = 4*p + 5. Suppose -p*z + 2*z = -21. What are the prime factors of z?
7
Let f(s) = -6*s + 77. What are the prime factors of f(-17)?
179
Let r = 12 + 54. Suppose -4*o + o + r = 0. Suppose -2*x = -2*u - o, -4*x - u + 35 = -2*u. List the prime factors of x.
2
Let c(p) be the third derivative of 0*p + 0*p**3 + 0 + 1/12*p**4 + p**2. What are the prime factors of c(3)?
2, 3
Let o = 9 - 5. Let t(x) = -x + o - 2 + x**2 - 1. What are the prime factors of t(4)?
13
Let l = 28 - 20. Let v = l + 5. What are the prime factors of v?
13
What are the prime factors of (0 - (2 + -154 + -1)) + 2?
5, 31
Let h(m) = m + 10 - m**3 + 2*m**3 + 0*m**3 - 2*m**3. Let p be h(0). Let a = p + 5. What are the prime factors of a?
3, 5
Suppose -3*r + 56 = r. What are the prime factors of r?
2, 7
Suppose -5*v + 277 = 3*q, q - 84 = -3*v + 79. Let t = 75 - v. What are the prime factors of t?
2, 11
Let w(g) = -g**2 - 10*g - 8. Suppose 4*f + 28 = -4*o, -4*f + 3*o - 35 = -0*o. What are the prime factors of w(f)?
2
Let p be -7 + (-2 - -1) - -2. Let r be (-1 - (-3)/p)*-2. Suppose -5*b = 5*v - 15, v = -r*b + 5*b - 12. List the prime factors of b.
5
Let q be (284/(-6))/((-6)/9). Suppose 21 - q = -5*a. Suppose -40 = -4*d + 4*z, 0*d + 5*z - a = -d. List the prime factors of d.
2, 5
List the prime factors of 835/7 - 6/21.
7, 17
Let c be ((-4)/(-10))/(5/25). Suppose -c*a + 58 = 3*w, -3*w - 4*a = -70 + 2. List the prime factors of w.
2
Let m be (-1*3)/(9/12). Let z = 36 + m. List the prime factors of z.
2
Let n be 1*(-2 - -3) + 8. Suppose -4*u - 5*y = u - 80, -4*u - y + 61 = 0. Let p = u - n. List the prime factors of p.
2, 3
Let l(k) = -29*k. Let a be l(-4). Let m = a + -63. List the prime factors of m.
53
List the prime factors of (-73)/3*(-24*2)/4.
2, 73
Let f(a) = -11*a**2 + 2*a + 3. Let g be f(-2). What are the prime factors of g*((-48)/20)/4?
3
Suppose -2*t + 1 = -3. List the prime factors of -6*(0 + t/(-4)).
3
Let c = 18 - 6. What are the prime factors of c?
2, 3
Suppose 0 = -3*z + 5*k + 223, 6*k - 2*k + 221 = 3*z. What are the prime factors of z?
71
Suppose -b - 4*s + 12 = 0, -s - 20 = -4*b - 3*s. Suppose -3*h - 5*p + 2*p = -27, -b*p = -h + 14. List the prime factors of h.
2, 5
Let n = -32 - -59. What are the prime factors of n?
3
Suppose 2*x = 2*b, 4*b - 11 = -3. Suppose 46 = x*y - 3*k, 2*y - 22 = -2*k - k. What are the prime factors of y?
17
Let s = -378 + 647. What are the prime factors of s?
269
Let a(p) = -p**3 + 5*p**2 + 3*p - 2. Let m be a(-3). Let j = m + -42. List the prime factors of j.
19
Suppose r = 5*b - 18, -3*r = 4*b - 17 - 5. Suppose r*m + 9 = -d + 40, 0 = 5*m - d - 74. What are the prime factors of m?
3, 5
Let d = 23 + -9. Let a(n) = -n**3 + 6*n**2 - 4*n + 2. Let o be a(5). Let m = d - o. List the prime factors of m.
7
Let q(h) = 2*h**2 - 2*h + 1. Let g(j) = -2*j - 2. Let z be g(-5). Suppose -5*i = -i - z. List the prime factors of q(i).
5
Suppose z - v = -51, -4*z - 197 = v + 12. Let h = z - -75. List the prime factors of h.
23
Suppose -k + 3*k = 0. Suppose -2*u + 83 = -0*u + 3*g, k = 4*u + g - 171. What are the prime factors of u?
43
Let v = -18 - -25. Let n be 5/2*(-2)/(-1). Suppose -2*b = 2*b + n*u - v, -5*u = 5*b - 15. What are the prime factors of b?
2
Let k(u) = u**2 - 7*u + 11. Let p be 4/(-8) - 17/(-2). List the prime factors of k(p).
19
Let q = -7 - -3. What are the prime factors of 12/5*(-50)/q?
2, 3, 5
What are the prime factors of 10902/66 + 2/(-11)?
3, 5, 11
Suppose 38 = z - m, -2*m - 7 = 1. Suppose -z = -2*b - 2. What are the prime factors of b?
2
Let p(i) = 4*i - 15. Let u be p(6). What are the prime factors of (-680)/(-35) + u/(-21)?
19
Let h(r) = 3*r**3 - 6*r**2 - 4*r + 2. What are the prime factors of h(4)?
2, 41
Let r(t) = t**3 + 8*t**2 - t - 11. Let v be r(-8). Let p = -3 - -15. What are the prime factors of (-43)/(-4) - v/p?
11
Let w(x) = x**2 + 10 - 2*x**2 + x**3 + 0*x**2 - 5*x**2 - 8*x. What are the prime factors of w(7)?
3
Let b(m) = -3*m + 6*m**2 - 6*m**3 + 2*m**3 + 1 + 3*m**3. What are the prime factors of b(5)?
11
Suppose -3*t - t + 104 = 0. Let j = -15 - -15. Suppose 4*v - 6 - t = j. List the prime factors of v.
2
Let l be 1*2 - (-63 + 0). Suppose 4*o - 3*x = 54, -5*o + l = 4*x - 18. What are the prime factors of o?
3, 5
Let j = 33 + 14. What are the prime factors of j?
47
Suppose -2*n = n - 9. Suppose -5*c + 28 = -0*c - 2*d, 14 = n*c - 4*d. What are the prime factors of c?
2, 3
Let u be 1 + (-2 - 0) - -5. Suppose 5*s = u*s, 0 = 2*b + s. Suppose 2*x + b*x - 20 = 0. List the prime factors of x.
2, 5
Suppose -4*j = -p + 38, -j - j = 5*p - 190. List the prime factors of p.
2, 19
Suppose d + 30 = 2*d. What are the prime factors of d?
2, 3, 5
Let d(f) be the first derivative of f**3/3 + f**2 + 2*f + 1. Let t(m) be the first derivative of d(m). What are the prime factors of t(3)?
2
Let g(j) = 6*j - 1. Let a be g(-5). Let p(m) = m**3 + m**2 + 2*m + 4. Let z be p(-3). Let h = z - a. What are the prime factors of h?
11
Let i(t) = -t**2 - 8*t + 6. Let q be i(-7). Let w be -1*q*(2 + -3). Let c = 20 - w. What are the prime factors of c?
7
Suppose -4*o = -5*l + 215, -2*l + 53 + 5 = 4*o. What are the prime factors of l?
3, 13
Let x(z) = -z + 4. Let k be x(0). Let l = 16 - k. What are the prime factors of l?
2, 3
List the prime factors of ((-237)/(-4) - 2) + (-9)/(-12).
2, 29
Suppose -5*v + 4*f = f - 7, -2*v = 2*f - 6. Suppose -2*o = -4*p - v, 9 = -3*o - 5*p + 34. Suppose 0*d = -o*d + 10. What are the prime factors of d?
2
Let g(w) = w**3 - 10*w**2 - w - 25. List the prime factors of g(11).
5, 17
Suppose -7*g + 4*g + 528 = 0. What are the prime factors of g?
2, 11
Suppose -1 = 3*w - 2*j - 2*j, -5*j = -w + 7. Let f be 2/(-4)*(w - 1). Suppose -f*a - 6 = -2*y + 6, -5*y = 3*a - 6. List the prime factors of y.
3
Suppose 5*f + 12 = 9*f. Suppose -f*b + 34 = -2*b. List the prime factors of b.
2, 17
Let r = 10 - 5. Suppose 2*z - 7 = -n, -r*n - 2*z - 3*z + 35 = 0. List the prime factors of n.
7
Suppose -3*u + 390 = 60. List the prime factors of u.
2, 5, 11
Let l(w) = -w**3 - 4*w**2 - 5*w - 3. Let b be l(-3). Suppose -8 = -k - 2*y, -4*y = 2*k - b*k - 10. Suppose k + 4 = 2*f. List the prime factors of f.
3
Let y be 2 - 2 - 4*1. List the prime factors of 3/(-6)*y + 9.
11
Let h = 141 - 90. List the prime factors of h.
3, 17
Let m = -14 - -65. Let c = m + -27. Suppose 0 = -3*l - 5*z + c, 4*z - 3 = 5*l - 6. List the prime factors of l.
3
Let b(c) = 7*c - 20. What are the prime factors of b(27)?
13
Suppose 4 = -2*r + 20. Suppose 0 = 2*p + r + 8. What are the prime factors of (-1 + -2)/(12/p)?
2
Let l(w) = -44*w**3 - 2*w**2 - w. Let t be l(-1). Suppose -53 = -4*v + t. List the prime factors of v.
2, 3
Suppose 0 = 4*y + 4, 0 = -3*f + 5*y + 612 + 74. What are the prime factors of f?
227
Let z(d) = -11*d - 14. Let c be z(-4). Let q = 88 - c. What are the prime factors of q?
2, 29
Let h = 79 + 32. Let a = h + -56. List the prime factors of a.
5, 11
Let c = -81 - -223. List the prime factors of c.
2, 71
Let k be (6/4 + -2)*14. Let r be (-23)/k - 18/63. Suppose -2*y + 85 = r*y. What are the prime factor